{"id":17,"date":"2014-12-26T20:09:19","date_gmt":"2014-12-26T18:09:19","guid":{"rendered":"http:\/\/www.gross-data.de\/08-amiga\/?page_id=17"},"modified":"2017-05-14T12:09:42","modified_gmt":"2017-05-14T10:09:42","slug":"das-label-amiga","status":"publish","type":"page","link":"https:\/\/www.amiga-lps.de\/index.php\/das-label-amiga\/","title":{"rendered":"Das Label"},"content":{"rendered":"<h2>Seiteninhalt<\/h2>\n<p>1. Vorwort<br \/>\n2. Das Label<br \/>\n3. Die Plattennummern (Matrix)<\/p>\n<h2>1. Vorwort<\/h2>\n<p>AMIGA &#8211; Gef\u00fchlte Stunden stand ich als Jugendlicher vor dem Schallplattenladen in der DDR, ja wenn es mal wieder Lizenzplatten gab.<\/p>\n<p>Sp\u00e4ter bescherte mir &#8222;ein gl\u00fccklicher Umstand&#8220; (Vitamin-B), dass ich, auch nachdem alles verkauft war, meine Platten abholen konnte &#8211; blicksicher verpackt.<\/p>\n<p>So entstand schon zu DDR-Zeiten eine kleine Sammlung, die sich Dank einer Heirat nochmal etwas vergr\u00f6\u00dferte. \u00a0Inzwischen sammel ich zielgerichtet AMIGA-Lizenz-LPs, um meine Sammlung weiter zu vervollst\u00e4ndigen.<\/p>\n<p>Was man dabei mitunter mehr einkaufen muss als tats\u00e4chlich gewollt, steht zum Verkauf &#8211; professionell gereinigt und nach bestem Wissen beschrieben.<\/p>\n<h2>2. Das Label<\/h2>\n<p>Das Label der AMIGA-Schallplatten hat sich im Laufe des Bestehens mehrfach ge\u00e4ndert. Anf\u00e4nglich mehr aus lizenzrechtlichen Gr\u00fcnden, sp\u00e4ter (nur?) aus optischen Gr\u00fcnden. <\/p>\n<p>Den meisten d\u00fcrfte ein weinrotes (1968 &#8211; 1981) oder blaues (ab 1981) Label bekannt sein. Es gab aber auch andere Farben.<\/p>\n<p>So befinden sich in meiner Sammlung zwei AMIGA-LPs von &#8222;Depeche Mode&#8220; mit einem blauen Label und einem gelben Label. Der Grund hat sich mir noch nicht erschlossen.<\/p>\n<p>Eine ausf\u00fchrliche \u00dcbersicht der von AMIGA (und auch LITERA und ETERNA) verwendeten Labels findet Ihr unter www.liedderzeit.de (Schallplatten -> AMIGA -> Amiga-Label) oder \u00fcber <A target=_blank HREF=\"http:\/\/www.liedderzeit.de\/Platten\/label\/amigalabel.htm\"> diesen direkten Link<\/A>.<\/p>\n<address>Dank der Nachfrage von &#8222;Koch&#8220; am 14.05.2017 erg\u00e4nzt.<\/address>\n<h2>3. Die Plattennummern (Matrix)<\/h2>\n<p>Die Schallplattennnummern des Betriebes &#8222;Deutsche Schallplatten Berlin&#8220; bestehen aus 6 Ziffern, die in drei Bl\u00f6cken aufgeteilt sind.<\/p>\n<p>z.B. Schallplatte <strong>X YY ZZZ<\/strong><\/p>\n<p><strong>Der erste Block<\/strong> gibt die Gr\u00f6\u00dfe der LP an:<br \/>\nx = 4-6 steht f\u00fcr Single<br \/>\nx = 8 steht f\u00fcr eine LP<\/p>\n<p><strong>Der zweite Block<\/strong> bezeichnet das Label und die Aufnahmeart:<br \/>\nDas erste Y steht f\u00fcr das Label ( Y = 4 oder 5 ist AMIGA).<br \/>\nDas zweite Y steht f\u00fcr die Aufnahmeart\u00a0(Y = 0-2 Mono, Y = 5-8 Stereo)<\/p>\n<p><strong>Der dritte Block<\/strong> ist eine fortlaufende Nummer, wobei diese immer bei 001 beginnen.<\/p>\n<p>z.Bsp. Frank Duvals &#8222;Greatet Hits&#8220; hat die (Bestell)Nummer 8 56 343<br \/>\n8 &#8211; LP<br \/>\n56 &#8211; AMIGA \/ Stereo Platte<br \/>\n343 &#8211; Nr. der Platte (also zwischen der LP von Lift [342] und der LP von Servi [344])<\/p>\n<p>Eine \u00dcbersicht (fast) aller Schallplatten der DDR findet Ihr auf <a title=\"Lied der Zeit\" href=\"http:\/\/www.liedderzeit.de\" target=\"_blank\">www.liedderzeit.de<\/a>.<\/p>\n<p>&nbsp;<\/p>\n","protected":false},"excerpt":{"rendered":"<p>Seiteninhalt 1. Vorwort 2. Das Label 3. Die Plattennummern (Matrix) 1. Vorwort AMIGA &#8211; Gef\u00fchlte Stunden stand ich als Jugendlicher vor dem Schallplattenladen in der DDR, ja wenn es mal wieder Lizenzplatten gab. Sp\u00e4ter bescherte mir &#8222;ein gl\u00fccklicher Umstand&#8220; (Vitamin-B), dass ich, auch nachdem alles verkauft war, meine Platten abholen konnte &#8211; blicksicher verpackt. So [&hellip;]<\/p>\n","protected":false},"author":1,"featured_media":0,"parent":0,"menu_order":0,"comment_status":"open","ping_status":"open","template":"","meta":[],"_links":{"self":[{"href":"https:\/\/www.amiga-lps.de\/index.php\/wp-json\/wp\/v2\/pages\/17"}],"collection":[{"href":"https:\/\/www.amiga-lps.de\/index.php\/wp-json\/wp\/v2\/pages"}],"about":[{"href":"https:\/\/www.amiga-lps.de\/index.php\/wp-json\/wp\/v2\/types\/page"}],"author":[{"embeddable":true,"href":"https:\/\/www.amiga-lps.de\/index.php\/wp-json\/wp\/v2\/users\/1"}],"replies":[{"embeddable":true,"href":"https:\/\/www.amiga-lps.de\/index.php\/wp-json\/wp\/v2\/comments?post=17"}],"version-history":[{"count":9,"href":"https:\/\/www.amiga-lps.de\/index.php\/wp-json\/wp\/v2\/pages\/17\/revisions"}],"predecessor-version":[{"id":1018,"href":"https:\/\/www.amiga-lps.de\/index.php\/wp-json\/wp\/v2\/pages\/17\/revisions\/1018"}],"wp:attachment":[{"href":"https:\/\/www.amiga-lps.de\/index.php\/wp-json\/wp\/v2\/media?parent=17"}],"curies":[{"name":"wp","href":"https:\/\/api.w.org\/{rel}","templated":true}]}}